pose f = -7*t + 2*t - 12, 3*t + 18 = 3*f. Let b be -1 + (-3)/f - -57. Let h = 78 - b. Is h prime?
True
Let f = 3560 - -2147. Is f a prime number?
False
Let n(r) be the first derivative of 7*r**4/12 + 5*r**3/6 - 2*r**2 - 1. Let p(d) be the second derivative of n(d). Is p(6) composite?
False
Suppose -k - b + 17781 = -6*b, 3*k + 4*b = 53305. Is k composite?
True
Suppose -4755 - 1783 = -14*v. Is v a prime number?
True
Let u(w) = 21*w + 49. Let m(i) = -7*i - 16. Let o(g) = 8*m(g) + 3*u(g). Let h be o(10). Let v = h + 114. Is v prime?
False
Let p be (42/(-9))/(2/(-462)). Suppose 0 = y + 4*m - 223, -5*y + 4*m + p = -37. Is y prime?
True
Let n(f) = f**2 + 5*f + 2. Let j be n(-2). Let r be ((-4)/2)/(j/8). Is ((-106)/r)/((-11)/66) a prime number?
False
Suppose 0 = -s - s + 5*b - 12, -b = 4*s - 20. Suppose 0 = -3*q - 4*x - 23 + 80, -s*q = -x - 95. Is q a prime number?
True
Let g be 503/8 + 22/176. Is 114615/g - 2/7 a composite number?
True
Let g(k) = 6*k**2 - 6*k + 11. Is g(-5) composite?
False
Suppose -2*z = 4*q - 70, z + 3*z + 4*q - 120 = 0. Suppose -36 = -3*y + 2*i, -3*i + z = 4*y + 2*i. Is y/(-75) - (-1594)/30 prime?
True
Let f(a) = -222*a + 166. Let z(o) = -74*o + 55. Let p(q) = 3*f(q) - 8*z(q). Is p(-6) prime?
False
Let f(w) be the first derivative of w**3/3 - w**2/2 + 49*w - 3. Is f(0) composite?
True
Let u(j) = 3*j - 2. Let h be u(2). Suppose h*o + 5 = -3*s - 3, -10 = -4*s + 5*o. Suppose s = -i + 3*l + 2*l + 311, 0 = -3*i + l + 989. Is i a prime number?
True
Suppose 5*a = -4*p + 411, -2*p - 3*p + 5*a + 570 = 0. Let y = -52 + p. Is y prime?
False
Let c = 1950 + 1499. Is c a composite number?
False
Let h = -19 - -23. Suppose 3*d - 1955 = h*w, -d + w - 2613 = -5*d. Is d a prime number?
True
Let r(m) = 2*m + 14. Let x be r(-8). Let b = x + 0. Let s(d) = -37*d + 5. Is s(b) a composite number?
False
Let t be ((-2)/4)/(1/(-12)). Suppose -2*l = 3*l + 25. Is t/10 - 232/l prime?
True
Let i = 3414 - -1807. Is i composite?
True
Let w(b) be the first derivative of -b**4/4 - 8*b**3/3 - 2*b - 2. Let t be w(-9). Let i = 156 - t. Is i composite?
True
Suppose 29*s - 505078 = 87073. Is s a prime number?
False
Is 293/(2/3*69/46) composite?
False
Suppose -252156 = -35*j + 218279. Is j prime?
True
Let i(g) = -9999*g - 572. Is i(-5) prime?
False
Suppose 305 + 2056 = 3*t. Is t composite?
False
Let i(c) = 298*c**3 + 3*c**2 - 5*c + 13. Is i(3) a composite number?
True
Let v(h) = 1040*h**2 + 2*h - 1. Let i = -12 + 13. Is v(i) a prime number?
False
Let q be ((-226)/(-5))/(((-5)/(-175))/(-1)). Let g = -1080 - q. Is g prime?
False
Let u = 2963 - 996. Is u composite?
True
Let i(w) = -w**3 + 3*w**2 + 6*w - 4. Let v be i(4). Suppose h - 3*h = 2*b - 6, h + 12 = -v*b. Suppose 3*c = 31 + h. Is c prime?
True
Is 491*((-10)/(-5) - 1) composite?
False
Suppose 9*k - 8*k = 6. Suppose -22 = 5*x - y, 0*y = 3*y - k. Let i(m) = -44*m + 2. Is i(x) composite?
True
Let c(n) = -n**2 + 11*n - 18. Let y be c(9). Suppose m + 5*p + 0 + 12 = y, 5*m + 5*p = 0. Is m a prime number?
True
Let w be -15*(4 - 19 - -3). Let h = -53 + w. Is h prime?
True
Let d(w) = -w**3 - 8*w**2 + w + 14. Let n be d(-6). Suppose -5*z = 1412 - 367. Let q = n - z. Is q composite?
True
Suppose -5 = -w - 0*w. Suppose 2*c - w*d - 2067 = -c, 5*c + d = 3445. Is c composite?
True
Suppose 2*b + 2*z = -z + 11105, -5*b + 27779 = 2*z. Is b a composite number?
False
Suppose 0*v = 2*o - 2*v + 2904, -2*o + 5*v = 2889. Let q = o - -1018. Let p = q + 690. Is p a prime number?
True
Let b = -13145 - -18912. Is b composite?
True
Suppose 5*k - 2*q - 31 = 0, -2*k + 5*q + 25 = -0*k. Suppose -5*p + 2*m = -3*m + 7410, k*m + 2957 = -2*p. Is 4/8*0 - p a composite number?
False
Let i(j) = 12*j**2 - 2*j + 1. Suppose -2*a - 12 = -16. Let u be i(a). Suppose 0 = 4*p - 7*p + u. Is p composite?
True
Suppose -a = -2*s - 3*a + 130924, -a = 4*s - 261857. Is s a prime number?
False
Suppose 2*v - 1941 = -v. Let n = -352 + v. Is n a composite number?
True
Let y(z) be the third derivative of -z**6/30 - z**5/30 + 5*z**4/24 + 7*z**3/6 - z**2. Let x be y(-3). Let r = -29 + x. Is r a prime number?
True
Let n be (2/(-5))/(12/180). Is 825 + (3 + (-28)/12)*n a composite number?
False
Let d = -404 + -150. Let v = d + 2077. Is v composite?
False
Let d be (5/(10/(-564)))/((-18)/12). Suppose 0 = -o + 5, a + 0*o - d = 3*o. Is a prime?
False
Let c(t) = -t**3 - 11*t**2 - 12*t - 18. Let w be c(-10). Let o(f) = 26*f**3 + 5*f**2 - 5*f + 1. Is o(w) a composite number?
True
Suppose -611 + 75 = -8*m. Suppose 0*l - 5*l = -g - 11, 2*l + 2*g - 14 = 0. Suppose l*y = 2*y + m. Is y composite?
False
Let l = -122 + 127. Suppose -t + 677 = g, -1699 = -l*t + g + 1662. Is t composite?
False
Let l = 4 + 31. Let c = 442 - l. Is c prime?
False
Suppose -3*a + 10 + 2 = 0. Let j(o) = 46*o - a - 5*o - 1. Is j(4) composite?
True
Let n = 18168 + 4226. Is n composite?
True
Let k(n) = -424*n + 97. Is k(-13) prime?
False
Suppose -2*i + 3*i = 2*y + 25443, y = -5*i + 127259. Is i a composite number?
True
Let x(k) = k**3 - 7*k**2 - 11*k - 5. Let r be x(9). Suppose -j + r = -0*j. Suppose 197 + j = 5*u. Is u prime?
False
Let k = 9 + -3. Is 4/(-14) - (k - 11124/28) composite?
True
Is -2 + 0 + 159/1 a prime number?
True
Let a(s) = -31*s + 19. Let j(n) = 30*n - 19. Let k(p) = -3*a(p) - 2*j(p). Is k(6) prime?
True
Let d(v) = -5*v**2 + v + 2. Let f be (-15)/(-20) + (-29)/(-4). Let h(y) = 14*y**2 - 2*y - 6. Let n(x) = f*d(x) + 3*h(x). Is n(-10) a prime number?
False
Suppose -6*x + 5*x = 0. Suppose x + 24 = -2*j. Is 121 - (-6)/(j/(-4)) composite?
True
Suppose -17*u = -49788 - 7417. Is u a prime number?
False
Let o(n) = 2*n**2 + 6*n + 5. Let a be o(-4). Let i be 11260/13 - 2/a. Is (-2*i)/(-2) - 3 composite?
False
Let m(v) = 2*v**3 + 1 - 3*v + 0*v**3 - 4*v**3 + 4*v**2 + 3*v**3. Is m(5) a composite number?
False
Suppose -15*s + 23367 + 69588 = 0. Is s prime?
True
Is 268/(-12)*(-47 - -8) a prime number?
False
Suppose -x + 2*w + 1827 = 0, -5503 = -3*x + 19*w - 24*w. Is x composite?
False
Let y be 6 + -4 - -3 - 3. Suppose n - 149 = y*o, -n = n - 3*o - 295. Is n prime?
False
Suppose 0 = o - 2*o + x - 3, 0 = o + 3*x + 3. Is 887/(((-3 - -2)*1)/o) a composite number?
True
Suppose -5*l - 3*g = -109, -l = l - 3*g - 31. Let w = -20 + l. Suppose w*y + 2*m + 2226 = 5*y, 2*y = 5*m + 882. Is y a composite number?
True
Suppose 0 = -h + k + 1270 + 936, 3*h - 6597 = -4*k. Is h composite?
False
Is 55659/(-9)*((-44)/(-11) + -7) composite?
False
Let a(z) = 2*z**2 - 10*z + 9. Let p be a(8). Let i be 2/(-10) + p/(-15). Is ((-662)/i)/((-2)/(-4)) a composite number?
False
Suppose 3*f = 163 + 6683. Let r = f - 1159. Is r a composite number?
False
Let m = 12 + -10. Let i be ((-6)/4)/((-1)/m). Let d = 3 + i. Is d composite?
True
Let i be (-18 + -1)*1 - 1. Let b = 397 + i. Is b composite?
True
Let v be (4*2/4)/((-34)/(-16728)). Suppose -6*g = -2*n - g + v, 4*n = 4*g + 1956. Is n a prime number?
True
Suppose -8*n + 5482 + 24430 = 0. Is n composite?
False
Let v(f) = 610*f - 67. Is v(10) prime?
False
Let q = 9 - 4. Let l(v) = 9*v - 6. Let b be l(q). Suppose n = 4 + b. Is n composite?
False
Let c(p) = -2*p**3 + 43*p**2 - 15*p + 41. Is c(19) prime?
False
Let d(a) = -a**2 - 3 - a**2 + 15*a**3 + 3*a - 23*a**3. Let i(o) = 7*o**3 + 2*o**2 - 2*o + 3. Let c(u) = 4*d(u) + 5*i(u). Is c(4) composite?
True
Suppose -2*a + 4335 = -7*a. Let m = -330 - a. Is m a composite number?
True
Let a(o) = -32*o + 5. Let b = 1 - 10. Is a(b) a composite number?
False
Let y(d) = -d**2 + 9*d + 10. Suppose 8*b + 10 = 9*b. Let p be y(b). Suppose p*n - 4*n + 1652 = 0. Is n prime?
False
Let x(q) = -q**3 + 13*q**2 - 12*q + 2. Let z be x(12). Suppose z*u - 5 = 1. Suppose -u*j + j = 2*n - 254, 0 = 5*n + 2*j - 635. Is n prime?
True
Suppose 3*j = -6, 5*j = m + 2*m - 1. Let k(g) = 2*g**2 + 3*g - 63. Let f be k(5). Is (f/4)/(m/(-726)) prime?
False
Let r be (9/15)/(1/5). Suppose 217 = 4*t - t - j, 4*j - 242 = -r*t. Is t prime?
False
Suppose 6 = -h + 2*j, 4*h = 3*h - j + 9. Suppose -11*r = -h*r - 3101. Is r composite?
False
Let c(z) = z**3 + 3*z**2 - 34*z - 58. Is c(18) a prime number?
False
Suppose 2*p - 314 = 2*c, 5*c + 57 = p - 116. Is ((-1)/3)/((-1)/p) a composite number?
True
Suppose 4*m - 8 = 2*m. Suppose 3*q = s - 24, -4*q - m*s = -3*s + 25. Let j(u) = -2*u**3 - 6*u**2 + 10*u - 3. I